-23*l - 18*l + 1148 = 0. Calculate the highest common divisor of l and 64.
4
Let w be (-8)/((-266)/88 - (-12)/4). What is the highest common factor of w and 44?
44
Suppose -243 = -15*k + 267. Calculate the highest common divisor of k and 4.
2
Suppose -4*o = -3*o - 3. Suppose -2*j - 4*d + 230 = 0, o*j + 4*d = 331 + 20. What is the greatest common divisor of 11 and j?
11
Let w(x) = -6*x + 40. Let u be w(6). Suppose -m + 92 = -u. What is the highest common factor of 32 and m?
32
Let z = -68 + 35. Let d = z - -38. What is the greatest common divisor of 10 and d?
5
Let b = -23 + 27. Suppose 16 = -b*f, 2*d - 29 = -3*f + 121. Calculate the greatest common divisor of 9 and d.
9
Let b(r) = -3*r. Let v be b(7). Let m = v - -29. Suppose 0 = m*z - z - 756. What is the highest common factor of z and 12?
12
Suppose r - 5*r + 110 = 5*y, -r + 3*y + 19 = 0. Calculate the highest common divisor of r and 50.
25
Suppose 2*q = -5*a + 137 - 23, 2*a = 3*q + 38. Let y be (6/18)/((-2)/(-882)). Let i = y + -92. Calculate the greatest common factor of a and i.
11
Let f be 1*69 - 258/43. Calculate the greatest common divisor of 35 and f.
7
Let f = 21 - 4. Suppose -5*y = -a + f, 5*a = -0*a - 2*y + 4. Suppose -2*o + 5*t + 26 = a*t, 5 = 3*o + 4*t. What is the greatest common factor of 28 and o?
7
Let w = 2438 + -2424. What is the highest common divisor of 98 and w?
14
Let s(l) = 3*l**2 - l + 2. Let k be s(0). Let t be k/(2/(-1))*-48. Calculate the highest common divisor of 72 and t.
24
Suppose 3*u = 317 + 241. Let g = 25 + -23. Suppose -4*p = y - 43, p + 3*p = g*y - 50. What is the greatest common factor of u and y?
31
Suppose 0*o - 6*o = -18. Calculate the greatest common divisor of 39 and o.
3
Suppose 839 = 4*l - 85. Let j(i) be the third derivative of i**4/6 + 5*i**3/6 - 3*i**2. Let m be j(4). What is the highest common divisor of m and l?
21
Let q be (-61)/(-7) - 4/(-14). Let o be -11 + 7 - (0 + -106). Suppose -p - b = -4*b - 42, 3*p = -3*b + o. Calculate the highest common factor of q and p.
9
Suppose -v = 4*f - 61, 7*f - 2*f = -v + 76. Let u be (f/(-20))/(3/(-24)). What is the greatest common factor of u and 54?
6
Let z be ((-1)/(-1) - 3)*-13. What is the highest common factor of 143 and z?
13
Suppose 0 = -3*n + 1706 - 1646. Let m(f) = -7*f + 8. Let x be m(-6). What is the highest common factor of n and x?
10
Let v(t) = -5*t - 1. Let m be v(-1). Suppose 5*y + 792 = 27*y. What is the greatest common factor of m and y?
4
Suppose 67 = -2*v + 139. Calculate the highest common factor of 60 and v.
12
Suppose 18*j = 23*j - 740. Calculate the highest common factor of j and 8.
4
Let f be (((-200)/30)/(-5))/((-4)/(-54)). What is the highest common divisor of 486 and f?
18
Suppose 5*z - 12*c + 9*c = 91, 5*z + c - 103 = 0. Calculate the highest common factor of 15 and z.
5
Let x(u) = 4*u**3 + u**2 - 21*u + 42. Let f be x(2). Calculate the highest common divisor of 1278 and f.
18
Suppose 5*g - 2*g = 4*k + 523, 0 = 2*g + k - 356. Calculate the highest common factor of g and 236.
59
Let l be -223*(3 + 6/(-3)). Let g be (127/2)/((-2)/4). Let x = g - l. Calculate the highest common factor of 12 and x.
12
Let n(f) = 8*f**2 - 12*f + 15. Let d be n(4). Calculate the greatest common divisor of d and 1900.
95
Let w be 2/(-3) + -3 + 1168/24. Let m be w/5 - (-5 - 0). What is the highest common factor of 70 and m?
14
Let y be (15/12)/((-15)/(-24)). Let k = 5 + 9. What is the greatest common divisor of y and k?
2
Suppose 79 + 572 = 3*t. Let p = t + -71. Suppose 0 = 5*o - p - 194. What is the highest common divisor of 17 and o?
17
Let g be (-324)/72 - (-150)/4. Calculate the highest common divisor of 187 and g.
11
Let o be ((-45)/5)/(-3 + 2). Let g(h) = 2*h - 7. Let a be g(o). Let w = 37 - -84. What is the greatest common factor of a and w?
11
Let v(k) = k**3 - 30. Let p be v(0). Let w = 60 + p. What is the highest common divisor of 6 and w?
6
Let m(p) = -p - 1. Let x(c) = -c**2 - 8*c + 12. Let r(w) = -3*m(w) - x(w). Let b = -3 - 9. Let v be r(b). Calculate the greatest common factor of 27 and v.
3
Suppose 2*l - 296 = -5*j, -5*j + 2*j + 165 = -3*l. What is the highest common factor of 377 and j?
29
Suppose m + 4488 = 13*m. What is the greatest common divisor of m and 68?
34
Suppose 28*g - 272 = 24*g. Let z = g + -36. Let y = 296 + -72. Calculate the highest common factor of z and y.
32
Let s(m) = m**3 + 5*m**2 - 6*m + 1. Let y be s(-6). Let j(w) = -4*w - 64. Let c be j(-17). Calculate the greatest common factor of c and y.
1
Suppose -23 = 7*j - 10*j + 2*z, 4 = 4*j + 4*z. Suppose -2*t = 3*a - 74, 0 = -t + 5*t + 4*a - 152. Calculate the highest common factor of j and t.
5
Let r = 264 - 245. Calculate the highest common factor of r and 247.
19
Let r(s) = 2*s - 12. Let x be r(9). Let w = -37 - 15. Let h be 16/7 - (-6)/(-21) - w. What is the greatest common factor of x and h?
6
Let q = -674 + 1799. Let m = -729 + q. Let i be (36/5)/((-1)/(-5)). What is the highest common divisor of m and i?
36
Let f(o) = 10 - 2*o + 19 - 9. Let v be f(-14). Calculate the greatest common divisor of 24 and v.
24
Let s(c) = 19*c - 39. Suppose 0 = 4*p + 23 - 75. Let t be s(p). What is the highest common factor of t and 16?
16
Let i = -530 - -698. What is the highest common factor of 456 and i?
24
Let f = -429 + 483. What is the highest common divisor of 4 and f?
2
Suppose t + 2*t - 270 = 0. Let x be (-12 - -6)/(1/(-7)). Let j = 52 - x. Calculate the highest common divisor of t and j.
10
Let w be (4/(-14))/((-31)/1302). Let k = -1 + 6. Suppose k*o - m = 244, o - 17 = -5*m + 11. Calculate the highest common divisor of w and o.
12
Let w(u) = 4 - u + 1 - 3. Let f be w(-7). Let p(i) = -2*i - 1. Let b be p(-1). Calculate the greatest common divisor of f and b.
1
Suppose -33*k + 29*k = -48. Let z be 35 + (1 - (0 - 0)). What is the greatest common divisor of z and k?
12
Let b be (-123 + 0)*(-3)/9. Let x be 290 + 4 + -2 + -5. Calculate the highest common factor of x and b.
41
Let l(r) = -41*r + 8. Let z be l(0). Calculate the greatest common divisor of 14 and z.
2
Let t = -245 - -565. Suppose -5*s - 3*p + 197 = 0, -5*s + 5*p + 26 = -179. Calculate the highest common divisor of s and t.
40
Suppose 2*m + 5*p - 233 = -152, 0 = -m + 3*p + 57. Let j = -4 - -7. Let v be 6/(-9) + 38/j. Calculate the highest common factor of m and v.
12
Suppose 5*t + 13*b - 534 = 10*b, -222 = -2*t + 3*b. Calculate the greatest common factor of t and 180.
36
Let k = -1131 + 1885. Calculate the highest common divisor of 58 and k.
58
Let c(q) = q**3 + 16*q**2 - 25*q + 8. Let t be c(-16). What is the greatest common factor of 120 and t?
24
Let n = 75 - 17. Let s = n + -33. Suppose 5 = -5*v - 4*l, 3*v + 5*l = -s + 9. Calculate the highest common divisor of v and 2.
1
Let y = -47 + 50. Suppose 2*v + 32 = y*v. Calculate the highest common divisor of v and 16.
16
Suppose -4*b - 5*u - 219 = -658, -3*u + 330 = 3*b. What is the highest common factor of b and 148?
37
Let n = 923 + -771. What is the greatest common divisor of n and 380?
76
Let j(k) = -75*k - 165. Let r be j(-5). What is the greatest common divisor of r and 6?
6
Let y(t) = 4*t - 37. Let l be y(9). Let c be l/(-2 + (-953)/(-477)). What is the greatest common factor of 53 and c?
53
Let h = -144 - -224. Suppose -72 = 2*j - h. What is the greatest common factor of j and 28?
4
Let g be (-8 + 10)*(-1998)/(-12). Calculate the highest common factor of g and 72.
9
Let o = -145 + 157. What is the highest common divisor of 20 and o?
4
Let m = 2284 - 2278. Calculate the highest common divisor of m and 696.
6
Let x be (-60)/200 + 106/20. What is the highest common divisor of x and 65?
5
Let l = -1245 + 1362. Suppose 234 = -a + 4*a. What is the highest common divisor of a and l?
39
Suppose z - 81 = -2*b, -116 = -3*b + 4*z - 0*z. Let j(m) = 29*m + 13. Suppose 6*a + 11 = 29. Let y be j(a). Calculate the highest common divisor of y and b.
20
Let v(y) = 4*y**2 - 137*y + 46. Let r be v(34). Let o be -1 - 36/(-3) - -1. Calculate the greatest common factor of o and r.
12
Let y(v) = -v + 9. Let o be y(4). Let c = 37 - 22. What is the highest common divisor of c and o?
5
Suppose 0 = v - 473 - 31. Calculate the greatest common divisor of 56 and v.
56
Let q(a) = 5*a**2. Let t be q(2). Let c(k) = 58*k - 94. Let n be c(3).